. Let s(r) = 6 - 5*r**2 + 3*r**2 + r - 1. Calculate s(p).
-23
Suppose 0 = 3*d + 2*n - 46, 0 = -3*d + n - 0*n + 58. Let q(z) = 1 - 10 + 19*z**2 - d*z**2 - 1 + 8*z. What is q(-9)?
-1
Let l be (-1)/(-1 + 12/14). Let u(g) be the third derivative of g**4/24 + g**3/3 - 13225*g**2 - 2*g. What is u(l)?
9
Let p(v) = -v**2 + 17*v - 11. Let y(a) = a - 3. Let u = -175 + 174. Let x(l) = u*y(l) - p(l). Give x(16).
-18
Suppose -107*z + 38*z + 318 = 90*z. Let m(a) be the first derivative of 26 - a - 1/2*a**z. Determine m(-8).
7
Let x(d) be the second derivative of d**3/6 - d**2 + 6884*d. Determine x(-5).
-7
Let p = 133 - 93. Let f be -4*(-5)/p*-4. Let l(d) be the third derivative of d**5/30 + d**4/8 + 5*d**2. What is l(f)?
2
Let g(d) = -d**2 - 1. Let f(o) = 42*o + 19. Let t be f(4). Let z = 189 - t. Determine g(z).
-5
Suppose -4*p = p + 35. Let o(l) = -14*l - 5. Let z be o(p). Let t(m) = -2*m - 83 - z + 177. Give t(3).
-5
Let m(d) = -d**3 + 7 + 0 - 2 - 6*d + 1 - 7*d**2. Let s = -279 + 273. Calculate m(s).
6
Let g(j) be the second derivative of j**3/6 - 7*j**2 + 4*j - 13. Give g(12).
-2
Let c(b) = 5*b + 3. Let j be (-540)/105*(-1 - 10/4). Let v(i) = j*i + 17*i - 9*i + 26 - 12. Let w(f) = -16*c(f) + 3*v(f). Calculate w(-6).
6
Let x(z) = 48*z - 11*z**2 - z**2 + 8*z + 21*z**2 - 8 - 7*z**2. Determine x(-28).
-8
Let y(o) be the second derivative of o**4/12 - o**3/6 - 21*o**2 + 388*o - 1. Give y(-6).
0
Let k(l) = l**3 + 6*l**2 - l - 13. Let q be (120/45)/(6/9). Suppose -17 = 3*b + u, -2*b = -q*u + 5 + 11. Give k(b).
-7
Let m(z) = -10*z + 39. Let s(k) = 2*k - 11. Let i(n) = -m(n) - 6*s(n). Calculate i(7).
13
Let i(l) = 11*l + 1. Suppose -2*p + 3*z + 2 = 0, -p + 5*p = -2*z + 20. Determine i(p).
45
Let t(k) = -k**3 + 13*k**2 - 21*k - 22. Let q be 59/5 - ((-74)/(-80) + (-1)/8). Determine t(q).
-11
Let g(v) = -v**3 - 3*v**2 - v + 2. Let z(l) = 11 + 0*l - 14*l + 12*l. Let w = 16 + -9. Let p be z(w). Give g(p).
5
Let s(h) = -h**2 - 3*h + 1. Let t(w) = -3*w**2 - 2*w - 6. Let j be t(-5). Let g = j - -67. Let l be s(g). Let n(z) = -z**2 - 2*z - 4. Calculate n(l).
-7
Let s = 95 + -86. Suppose 0 = -13*o + s*o + 56. Suppose -o = -20*v + 13*v. Let t(j) = j**3 - 2*j**2 + 4*j - 2. What is t(v)?
6
Let h(r) = r**3 + 3*r**2 + 5*r - 7. Suppose 4*l + 5*b = -17, -44*b = -48*b - 4. What is h(l)?
-22
Let a(r) = -r**3 - 34*r**2 + 69*r - 122. Suppose -28*l = -33*l - 2*s - 186, -3*l - 114 = 2*s. Determine a(l).
-14
Suppose 83 = -2*j + 4*s + 91, -12 = -3*j + 5*s. Let m(u) = -2*u**3 + 5*u**2 - 3*u + 5. What is m(j)?
-55
Let v(b) = b**3 - 3*b**2 - 35*b + 123. Let l be v(4). Let x be l - ((-5 - -6) + 3). Let c(o) = o + 8*o**2 + 2*o**2 - 1 + o**3 - 4*o**2. What is c(x)?
19
Let q(p) = -3*p**2 - 3 + 4*p**2 - 6 + 5*p. Let c(d) = -d**3 + 4*d**2 - 23*d + 32. Let l be c(2). Determine q(l).
-3
Let k(n) = 2*n + 3. Let b be (-106)/(-3)*(-15)/(-5). Let z(a) = b - 50 + a - 54. Let m(d) = 3*k(d) - 5*z(d). Calculate m(4).
3
Let k(n) = -n - 1. Let h(i) = 6*i + 3. Let b(t) = h(t) + 3*k(t). Let m(p) = p - 4. Suppose 24 = 3*s - 3*v, -2*s - 4*v - 4 = -2*v. Let j be m(s). Calculate b(j).
-3
Let i = -207 - -222. Suppose -9*p - 6 + i = 0. Let l(v) = -2*v**2 + 1. Give l(p).
-1
Let l be 1*(1 + -10)/(8/(-8)). Let z(w) = w**3 - 13*w**2 - 6*w + 18. Let h(i) = -5*i**3 + 53*i**2 + 23*i - 73. Let p(c) = l*z(c) + 2*h(c). Give p(-10).
-4
Let c(i) be the first derivative of -3*i**2 + 74*i + 179. Calculate c(13).
-4
Let i(r) be the third derivative of r**5/60 - 5*r**4/24 - 5*r**3/6 - 5*r**2. Suppose -54*c + 369 = 45. Calculate i(c).
1
Let u(j) be the second derivative of -j**3/2 + 29*j**2/2 + 2002*j. Determine u(5).
14
Let m = -1864 + 1859. Let f(q) = -13*q**2 - 64*q + 11. Determine f(m).
6
Let x(i) = 3*i**3 - 9*i**2 - 7*i + 2. Let j(t) = -t**3 - t**2 - t - 1. Let h(p) = 4*j(p) + x(p). Let f be (9 - (5 + 2))*-6. What is h(f)?
-14
Let w(t) = t**3 + 2*t**2 - 3*t + 1. Suppose -29*p = 3209 + 967. Let r = p - -146. What is w(r)?
11
Let x(i) = i - 38. Let u = 7445 - 7434. Give x(u).
-27
Let x(k) be the second derivative of k**5/60 - 2*k**4/3 + 16*k**3/3 - 3*k**2/2 - 39*k + 1. Let v(a) be the second derivative of x(a). Give v(11).
6
Let l be 0/(0 - (0 - -1)). Let p(z) be the third derivative of 0 + 1/120*z**6 + 137*z**2 + 0*z**4 - 2/3*z**3 + 0*z - 1/60*z**5. Give p(l).
-4
Let c(b) be the second derivative of -3*b**5/20 - b**4/12 + b**2/2 + 23*b. Let i = 14 + -9. Suppose -j + i*j - 4 = 0. Give c(j).
-3
Let g be -5*(1 - (-2 + 2)). Let i(o) be the first derivative of -4*o + 3/2*o**2 - 1/4*o**4 + 92 - 5/3*o**3. Give i(g).
-19
Let m be (0 - -5)*((-472)/40 + 12)*-3. Let q(z) = 66*z + 193. Calculate q(m).
-5
Let o(f) be the third derivative of -f**5/60 - f**4/3 - f**3/2 - 9991*f**2. Suppose 0 = -5*b + 6*d - d - 40, -d = -5*b - 40. Give o(b).
-3
Let q be (4/(-12))/((-2)/24). Suppose -2*j = -0*j + 3*r + 3, -q*j - r = 21. Let m(l) = -l**3 - 5*l**2 + 7*l - 4. Calculate m(j).
-10
Let k(n) = -n**2 - 131*n - 1. Let m be k(0). Let c(r) = 5*r**3 - r**2 + r + 1. Calculate c(m).
-6
Suppose -5*v = 4*m + 24, -m - 3 - 10 = 3*v. Let t(f) = 5*f**2 + 7*f + 3. Let x(z) = 11*z**2 + 12*z + 5. Let s(l) = -5*t(l) + 3*x(l). Determine s(m).
7
Let u(t) = t**3 - 34*t**2 + 63*t + 11. Suppose -9*f + 29*f - 640 = 0. Let a be u(f). Let g(c) = c + 27. Give g(a).
6
Let x(l) = l**2 - 15*l + 7. Let g = -9766 - -9776. Give x(g).
-43
Let f(y) = 4 + 47*y**2 + y**3 + 5*y + 15 - 88*y**2 - 7*y + 27*y**2. Determine f(14).
-9
Let n = 207 + 81. Let r = n - 287. Let h(j) = -27*j**2 + j. Determine h(r).
-26
Suppose -26*i - 918 = -2816. Let p = 56 - i. Let q(m) = -m**2 - 19*m - 41. Determine q(p).
-7
Let p(s) = s**2 + 4*s. Let r be p(-5). Let n(w) = -w + 505 - 2*w + r*w - 509. Suppose -m + 3 = -b + 1, -8 = 3*b - 2*m. Determine n(b).
-12
Suppose -19*l = -222 + 241. Let d(h) = 26*h**2 + 2*h + 2. Calculate d(l).
26
Let w(u) = u**2 - 2049285*u + 2049279*u - 17 - u**2 + u**2. Calculate w(-3).
10
Let z(k) = -3*k + 6. Let t(s) = -1. Let a(o) = -5*t(o) - z(o). Suppose -89*y - 4893 = -14*y - 1706*y. Give a(y).
8
Let i(u) = 6*u + 215. Suppose p + 32 = -v, -4*p = 33*v - 34*v + 143. What is i(p)?
5
Let a(p) = 2*p + 5. Let c(s) = 21*s + 58. Let d(f) = -22*a(f) + 2*c(f). Calculate d(-4).
14
Let i(p) = -6*p**3 - p + 1. Let n be i(1). Let j(d) be the second derivative of -d**3/6 - 27204*d. Calculate j(n).
6
Let l(i) = -5*i + 68. Let m = -6935 - -6948. Give l(m).
3
Let u(d) = -49502 + d**3 - 8*d**2 - 5*d**2 + 49552 - 4*d. Determine u(13).
-2
Let w = -1 - -2. Let x = 388 + -386. Let t(r) = -4 + 10 - 5 - 2 - 6*r**x. What is t(w)?
-7
Let b be 6*(-3)/(-42) - (-476)/833. Let p(o) = -5*o - 7. Let k(h) = -h - 2. Let s(y) = -9*k(y) + 2*p(y). Give s(b).
3
Suppose -29*b = -118 + 321. Let k(u) = -u**3 + 14*u**2 + 2*u - 26. Let c be k(14). Let d(r) = -r**2 + 2*r**2 - 10*r - 7 + 3*r - 2*r**c. Give d(b).
-7
Let q(j) = 583 - 2*j - 1214 + 626 + j**3 + 3*j**2. Give q(-4).
-13
Let l(u) = 7*u**3 + 4*u**2 + 14*u - 3. Let x(h) = h**3 - h**2 + h. Let t(o) = l(o) - 6*x(o). Suppose -66*y + 216 = -90*y. What is t(y)?
6
Let z(g) = 11*g**2 - 3*g - 4. Let o(p) = -p**2 + 41*p - 181. Let r be o(36). What is z(r)?
10
Let i(v) = -2*v. Let c(d) = -d**2 + 24*d - 81. Let p be c(19). Let l be ((-12)/p)/(42/(-294)). Calculate i(l).
-12
Let v(i) = 5*i + 94. Let f(g) = -4*g - 65. Let y(t) = 4*f(t) + 3*v(t). What is y(-9)?
31
Let g(k) = -18 + 23 - 2*k - 1546*k**2 + 1539*k**2. Let c(r) = r. Let o(a) = 6*a**2 - 5. Let x(l) = -2*c(l) - o(l). Let z(p) = 5*g(p) - 6*x(p). Determine z(-4).
3
Let j(w) be the third derivative of -w**6/60 + 7*w**5/30 + w**4/4 + w**3/6 - w**2 - 1095*w. Determine j(8).
-79
Suppose -2*n = 2*t - 371 + 375, 0 = 3*n - 5*t + 46. Let p(i) = 2*i. Let g(x) = -x. Let f(z) = -5*g(z) - 2*p(z). Give f(n).
-7
Suppose p + 15 = -4*p. Let y(c) = -11*c**3 + 9*c**2 - 9*c. Let x(r) = -18*r**3 + 16*r**2 - 15*r - 1. Let q(g) = -3*x(g) + 5*y(g). What is q(p)?
3
Let s(q) = -3*q - 5. Let c(g) = 15*g + 24. Let a(k) = 5*c(k) + 24*s(k). Let j(p) = -1. Let z(x) = a(x) - 3*j(x). Calculate z(-3).
-6
Suppose 0*i - 2*i - 7 = -5*n, -3*n = 4*i + 1. Let t(h) be the second derivative of 7*h**5/20 + h**2/2 - 2*h + 2502. Give t(n).
8
Let z be -1*(2385/1272)/(2/16). Let t(b) = -5*b**2 - 12*b - 13. Let n(i) = i**2 - i - 1. Let c(o) = -4*n(o) - t(o). What is